{"id":61,"date":"2023-05-06T02:24:49","date_gmt":"2023-05-06T06:24:49","guid":{"rendered":"http:\/\/2138845.cpsw-fcsei.com\/wordpress\/?page_id=61"},"modified":"2023-05-06T09:58:18","modified_gmt":"2023-05-06T13:58:18","slug":"accueil","status":"publish","type":"page","link":"https:\/\/2138845.cpsw-fcsei.com\/wordpress\/","title":{"rendered":"Accueil"},"content":{"rendered":"\n<figure class=\"wp-block-image size-large\"><img loading=\"lazy\" decoding=\"async\" width=\"1024\" height=\"526\" src=\"http:\/\/2138845.cpsw-fcsei.com\/wordpress\/wp-content\/uploads\/2023\/05\/backpacker-gca036c721_1280-1024x526.jpg\" alt=\"\" class=\"wp-image-63\" srcset=\"https:\/\/2138845.cpsw-fcsei.com\/wordpress\/wp-content\/uploads\/2023\/05\/backpacker-gca036c721_1280-1024x526.jpg 1024w, https:\/\/2138845.cpsw-fcsei.com\/wordpress\/wp-content\/uploads\/2023\/05\/backpacker-gca036c721_1280-300x154.jpg 300w, https:\/\/2138845.cpsw-fcsei.com\/wordpress\/wp-content\/uploads\/2023\/05\/backpacker-gca036c721_1280-768x395.jpg 768w, https:\/\/2138845.cpsw-fcsei.com\/wordpress\/wp-content\/uploads\/2023\/05\/backpacker-gca036c721_1280.jpg 1280w\" sizes=\"auto, (max-width: 1024px) 100vw, 1024px\" \/><\/figure>\n\n\n\n<p>Bienvenue chez MontVoyage, votre compagnie de voyage de randonn\u00e9e en montagne \u00e0 travers le monde. Nous sommes une entreprise qu\u00e9b\u00e9coise passionn\u00e9e par les montagnes et la nature, et nous voulons partager notre amour pour l&rsquo;aventure en offrant des exp\u00e9riences de randonn\u00e9e uniques et inoubliables \u00e0 nos clients.<\/p>\n\n\n\n<p>Nos guides exp\u00e9riment\u00e9s et passionn\u00e9s vous emm\u00e8neront \u00e0 la d\u00e9couverte des plus belles montagnes du monde, en offrant des circuits adapt\u00e9s \u00e0 tous les niveaux, que vous soyez un randonneur d\u00e9butant ou exp\u00e9riment\u00e9.<\/p>\n\n\n\n<p>Nous proposons une vari\u00e9t\u00e9 de circuits de randonn\u00e9e en montagne, allant de l&rsquo;exploration des montagnes du Qu\u00e9bec, des Rocheuses canadiennes, des Alpes suisses et fran\u00e7aises, jusqu&rsquo;aux sommets majestueux de l&rsquo;Himalaya n\u00e9palais.<\/p>\n\n\n\n<p>Nos voyages sont soigneusement planifi\u00e9s pour garantir votre confort et votre s\u00e9curit\u00e9 tout au long de votre exp\u00e9rience de randonn\u00e9e en montagne. Nous offrons \u00e9galement des conseils de pr\u00e9paration avant votre voyage, pour vous aider \u00e0 vous pr\u00e9parer physiquement et mentalement.<\/p>\n\n\n\n<p>Chez MontVoyage, nous sommes fiers de notre engagement envers la durabilit\u00e9 et la responsabilit\u00e9 environnementale. Nous travaillons avec des partenaires locaux pour minimiser notre impact sur l&rsquo;environnement et pour soutenir les communaut\u00e9s locales.<\/p>\n\n\n\n<p>Que vous cherchiez \u00e0 vous d\u00e9passer physiquement, \u00e0 admirer des vues spectaculaires, ou simplement \u00e0 vous immerger dans la beaut\u00e9 de la nature, MontVoyage est l\u00e0 pour vous offrir une exp\u00e9rience de randonn\u00e9e en montagne inoubliable.<\/p>\n","protected":false},"excerpt":{"rendered":"<p>Bienvenue chez MontVoyage, votre compagnie de voyage de randonn\u00e9e en montagne \u00e0 travers le monde. Nous sommes une entreprise qu\u00e9b\u00e9coise passionn\u00e9e par les montagnes et la nature, et nous voulons partager notre amour pour l&rsquo;aventure en offrant des exp\u00e9riences de randonn\u00e9e uniques et inoubliables \u00e0 nos clients. Nos guides exp\u00e9riment\u00e9s et passionn\u00e9s vous emm\u00e8neront \u00e0 [&hellip;]<\/p>\n","protected":false},"author":1,"featured_media":0,"parent":0,"menu_order":0,"comment_status":"closed","ping_status":"closed","template":"","meta":{"footnotes":""},"class_list":["post-61","page","type-page","status-publish","hentry"],"_links":{"self":[{"href":"https:\/\/2138845.cpsw-fcsei.com\/wordpress\/wp-json\/wp\/v2\/pages\/61","targetHints":{"allow":["GET"]}}],"collection":[{"href":"https:\/\/2138845.cpsw-fcsei.com\/wordpress\/wp-json\/wp\/v2\/pages"}],"about":[{"href":"https:\/\/2138845.cpsw-fcsei.com\/wordpress\/wp-json\/wp\/v2\/types\/page"}],"author":[{"embeddable":true,"href":"https:\/\/2138845.cpsw-fcsei.com\/wordpress\/wp-json\/wp\/v2\/users\/1"}],"replies":[{"embeddable":true,"href":"https:\/\/2138845.cpsw-fcsei.com\/wordpress\/wp-json\/wp\/v2\/comments?post=61"}],"version-history":[{"count":1,"href":"https:\/\/2138845.cpsw-fcsei.com\/wordpress\/wp-json\/wp\/v2\/pages\/61\/revisions"}],"predecessor-version":[{"id":64,"href":"https:\/\/2138845.cpsw-fcsei.com\/wordpress\/wp-json\/wp\/v2\/pages\/61\/revisions\/64"}],"wp:attachment":[{"href":"https:\/\/2138845.cpsw-fcsei.com\/wordpress\/wp-json\/wp\/v2\/media?parent=61"}],"curies":[{"name":"wp","href":"https:\/\/api.w.org\/{rel}","templated":true}]}}